0. Suppose -3*u = 2*u - 25. Let f = u + r. List the prime factors of f.
5
Suppose 8*f - 12 = 2*x + 4*f, -x - 3*f - 31 = 0. What are the prime factors of (-16)/80 + x/(-5)?
3
Suppose -16 = -3*f + 2. Let h(x) = -x**3 + 5*x**2 + 6*x + 4. Let q be h(f). Let d = q - -2. List the prime factors of d.
2, 3
Suppose 41 = q - 4*g, -3*q - 7*g + 3*g + 107 = 0. List the prime factors of q.
37
Let x(a) = 3*a**3 - 2*a + 5. Let k(l) = 3*l - 3 + 0*l - 2*l**3 - 2*l. Let y(m) = -8*k(m) - 5*x(m). List the prime factors of y(2).
11
Let c(x) = 14*x + 2. What are the prime factors of c(4)?
2, 29
Let r be 45/(-12)*(-12)/3. What are the prime factors of -2*(2 + r/(-2))?
11
Let q be (-7)/(14/20) + 1. Let c be ((-56)/(-6))/((-3)/q). Suppose 0 = 2*s + h + h, -c = -5*s + 2*h. What are the prime factors of s?
2
Let o(r) = -r - 1. Let k be o(6). Suppose 2*m + 1 = t - 2, -2*t = 2*m + 6. Let a = m - k. List the prime factors of a.
5
Let l = 129 - 1. What are the prime factors of l?
2
Suppose -4081 = -7*m - 966. List the prime factors of m.
5, 89
Let a(y) = y**3 + 4*y**2 + 2*y**2 + 4 - 4*y**2. Let x be a(-3). What are the prime factors of (-6)/15 + (-27)/x?
5
Suppose -2*j + 1362 = 3*j - 4*s, 2*j = 2*s + 546. List the prime factors of j.
2, 3, 5
Let c(i) = i - 18. Let s(a) = -a + 18. Let r(j) = 4*c(j) + 5*s(j). Let p(g) = 12*g**3 - 2*g + 1. Let o be p(1). What are the prime factors of r(o)?
7
List the prime factors of 2/(-2) + 16 + -7.
2
Let k = -26 + -94. List the prime factors of k/(-8) - 6/(-2).
2, 3
Let j(w) = -w**2 - 6*w + 2. Let k be j(-6). Suppose 9 + 3 = k*y. What are the prime factors of y?
2, 3
Let l(f) = f**3 + 6*f**2 + 7*f + 4. Let k be l(-4). Let h be (-34)/8 + 2/k. Let z = h + 6. What are the prime factors of z?
2
Let z = -46 + 76. What are the prime factors of z?
2, 3, 5
Suppose -4*i + 3*j = -183, 2*j + 2 = -0*j. List the prime factors of i.
3, 5
Let s be ((-6)/(-6))/((-2)/8). List the prime factors of (s/5)/((-1)/5).
2
Let a(c) = c**2 - 4*c - 7. Let f be a(6). Suppose -f*g + 2*d + 70 = -3*d, 3*g + d - 38 = 0. Suppose -5*y + 32 = -g. What are the prime factors of y?
3
Suppose u + z + 2*z - 88 = 0, -3*u + z = -294. What are the prime factors of u?
97
Let b(v) = 0*v**2 + 32 - 2*v**2 + v**2. What are the prime factors of b(0)?
2
Let u = -22 + 66. What are the prime factors of u?
2, 11
Let j(l) = -2*l**2 + 29*l + 2. What are the prime factors of j(13)?
41
Suppose -12 = -2*z + 46. Let r be z + 1*(3 - 0). Suppose r = i + 3*i. List the prime factors of i.
2
Let y(m) = -3*m - 8. Let x be y(-6). Suppose -6*j + x = -j. Suppose -j*t + 4 = -t. What are the prime factors of t?
2
Let h = 192 + -77. What are the prime factors of h?
5, 23
Let n be 24/(-3)*2/(-4). List the prime factors of -10*(n - 114/15).
2, 3
Let b = -5 + 14. Let m = b - 4. List the prime factors of m.
5
Let z = -651 - -391. What are the prime factors of (2/4)/((-10)/z)?
13
Let d = -5 - -5. Suppose m + 2*m - 33 = d. Let u = 24 - m. List the prime factors of u.
13
Let q(i) = i**3 + 6*i**2 + 3*i - 6. Let u be q(-5). Suppose -50 = d + u*d. Let g = 4 - d. List the prime factors of g.
2, 7
Suppose 1 = -4*x + 4*b - 5*b, 2*x = -2*b - 8. What are the prime factors of x/(-1 - (-4)/3)?
3
Let l(b) be the third derivative of 0 + 4*b**2 - 1/2*b**3 + 1/6*b**4 + 0*b. What are the prime factors of l(4)?
13
Let n be (0 - -4 - 4)/(-2). Suppose 0 = -4*y - 20, 2*g - 2*y - 72 = -n*y. What are the prime factors of g?
31
Let x = -7 - -22. Suppose -3 = r, 4*u = -4*r + r - 21. List the prime factors of ((-55)/x)/(1/u).
11
Suppose 67 = 4*f + 11. Suppose 0*x + x + 1 = 0, -f = -3*k + 2*x. What are the prime factors of k?
2
Let j be 2 + 4/1 + 14. Let u(q) = -3*q + 3. Let c be u(4). Let a = c + j. What are the prime factors of a?
11
List the prime factors of (-166)/(-18) + (-4)/18.
3
Suppose 0 = -4*v + c + 16 - 3, 2 = v + c. Let x be 2 - (-2 + -40)/v. Suppose -x = -3*w + 5. What are the prime factors of w?
7
Let q be 0/(-3 + -1) + 11. Suppose -q = -5*a - z, 3*a - 25 = 5*z - z. List the prime factors of a.
3
Let w be 12/15 - 12/15. Suppose 7*y - 8*y + 36 = w. List the prime factors of y.
2, 3
Suppose 0 = -5*h + 182 - 42. What are the prime factors of h?
2, 7
Suppose g - 148 = -5*x + 171, 0 = -4*g + 2*x + 1210. List the prime factors of g/10 - 8/20.
2, 3, 5
Let u(m) = m**2 + 4*m + 4. Let t = -4 - 0. Let v be u(t). Suppose -3*y - v = -4*y. List the prime factors of y.
2
Suppose 3*v + 14 = -n, 5*n - 11 - 4 = 2*v. Let q be n/4 + (-22)/(-8). Suppose 3 = 4*f - q*f. List the prime factors of f.
3
Let q(g) = -g**2 + 10*g - 1. Let z be q(10). List the prime factors of 2/(-6)*z*33.
11
Let z be (1 - -110)*2/6. Suppose -h - 2*t = -31, -h + 5*t - z = -2*h. List the prime factors of h.
3
Suppose -2*q - 2964 = -21*q. What are the prime factors of q?
2, 3, 13
Let c be 3/(-2)*10/(-3). Let m = -3 + c. Suppose 2*q = -4*y + 44, y + q - 21 = -m*q. What are the prime factors of y?
3
Let i(f) = -4*f - 2. Let z(j) = -4*j + 2. Let n be z(-2). Suppose -n = 2*x - 4. What are the prime factors of i(x)?
2, 5
List the prime factors of 55/3 + (-6)/18.
2, 3
Let i = 118 + -70. What are the prime factors of i?
2, 3
Let k(d) = d**2 + d + 3. Let u(p) = -4*p + 1. Let n be u(1). What are the prime factors of k(n)?
3
Let g(h) = 4*h. Let t be g(-5). Let d = 41 + t. What are the prime factors of d?
3, 7
Let o = -2 + 4. Let d be 66/9 + o/3. Suppose d = -f + 2*f - 3*w, 0 = 4*w + 8. What are the prime factors of f?
2
Suppose 3*v = 64 + 8. Suppose r + 8 = v. What are the prime factors of r?
2
Let o = -3 - -29. Suppose -15 = -2*v + 5*r + 14, 2*v - 4*r = o. What are the prime factors of 3/1*(v - 2)?
3, 5
List the prime factors of (14*3)/(4*6/72).
2, 3, 7
Suppose -5*y + 267 = 12. Suppose 0*n + y = 3*n. List the prime factors of n.
17
Suppose -331 + 97 = -3*k. What are the prime factors of k?
2, 3, 13
Let d = -4 + 8. What are the prime factors of d/(-3)*3/(-2)?
2
Suppose 32 = -h + r - 6, -4*h - 4*r - 160 = 0. Let n be 2/(-3) + h/9. What are the prime factors of (-2)/6*n*3?
5
Suppose s + 29 - 88 = 0. What are the prime factors of s?
59
Let n(s) = -s**3 - 3*s**2 + 8*s + 15. List the prime factors of n(-6).
3, 5
Let o(a) = 51*a**2. Let f be o(1). Suppose 2*k - 4*q = -q + 39, 3*k = 3*q + f. List the prime factors of k.
2, 3
Suppose 4*v + 38 = 2*q, 0*q = 3*q - 9. Suppose 16 = -5*t + 4*t. Let h = v - t. What are the prime factors of h?
2
Suppose -b - 3*b - 24 = 0. Let o(j) = j - 9*j - j**2 + 9 - 5 + 2*j. List the prime factors of o(b).
2
Suppose 0 = -6*o + 182 + 34. What are the prime factors of o?
2, 3
Let j(f) = -f**3 - f + 23. Let q be j(0). Let z = q + 9. List the prime factors of z.
2
Suppose -72 = -2*b + 5*z + 138, 2*z - 315 = -3*b. Let x be ((-4)/(-3))/(14/b). What are the prime factors of 8/(-20) + 104/x?
2, 5
Let a(v) = 170*v**3 - 2*v**2 - 3*v + 4. What are the prime factors of a(1)?
13
Let x(y) = -y**2 - 17*y. What are the prime factors of x(-15)?
2, 3, 5
Let m = 193 + -72. What are the prime factors of m?
11
Suppose 0 = 3*t - 4*t - w + 5, 3*t - 43 = 4*w. Let d = 25 - t. What are the prime factors of d?
2
Suppose -14*c + 366 = -8*c. List the prime factors of c.
61
Suppose -5*d - 26 + 6 = 0. Let i be ((-6)/4)/((-3)/d). List the prime factors of (i/3)/(-2)*21.
7
Suppose 4*j + 8 = 3*n - 20, 12 = 4*n + j. Suppose 0 = 5*k + 2*h - 36, 48 = 3*k + 2*k - n*h. List the prime factors of k.
2
Suppose -3*j - 1 = 4*r, -5*j - 10 - 5 = 0. Suppose 4 = 5*n - l - 5, 3*n - r*l = 4. Suppose 5*i = 0, -n*x + 4*i = -i - 24. What are the prime factors of x?
2, 3
Suppose -4*i = -9*i + 25. What are the prime factors of i?
5
Suppose -3938 = -5*i - 6*i. What are the prime factors of i?
2, 179
Suppose 4*h = h + 54. Suppose -g = h + 18. Let q = -26 - g. What are the prime factors of q?
2, 5
Let w(y) = y**2 - 5*y - 7. Suppose -5*t = 5 - 35. Let l be w(t). What are the prime factors of 18/(-6) + (-8)/l?
5
Let q(w) be the third derivative of -w**5/60 + 5*w**4/24 + w**3/2 + 2*w**2. Let x(u) be the first derivative of q(u). What are the prime factors of x(-6)?
17
Let q(j) = -j**3 + 12*j**2 - 11*j + 4. Let n be q(11). Suppose g - 3 + 15 = 4*y, 5*y = n*g - 7. List the prime factors of g.
2
Suppose -4*u + 0*u = -16, 4*u + 9 = 5*m. Suppose 0 = 2*d - 3*d + m*q + 31, 3*d = -2*q + 42. List the prime factors of d.
2
Suppose